+ 52. Give f(s).
6
Let w = 13 - 8. Let y be 8/w - (-15)/(-25). Let g(m) = m**3 - 2*m**2 + 5*m - 4. Let x(j) = -j + 1. Let f(a) = g(a) + 5*x(a). Determine f(y).
0
Let y(d) = 2 + 59*d - 5 + d**3 - 48*d - 13*d - d**2. Let i be 4/((-8)/(-12)*-3). Determine y(i).
-11
Suppose -102*a = -97*a + 25. Let z be 0/(a/(-20)*4). Let c(k) = -7*k + 19. Let x(f) = -11*f + 29. Let t(w) = -8*c(w) + 5*x(w). Calculate t(z).
-7
Let w(c) = -5*c**2 - 2*c - 1. Let p(f) = 4*f - 8. Let u be 20/6*(-45)/(-30). Let a be p(u). Let i(l) = -l**3 + 12*l**2 + l - 13. Let t be i(a). Calculate w(t).
-4
Let b(h) be the first derivative of -h**4/8 - 3*h**2 - h - 6. Let n(k) be the first derivative of b(k). Let j(x) be the first derivative of n(x). Give j(2).
-6
Let h(k) = -5*k + k**2 - 2*k**3 + 3*k - 10*k**2 + 13*k**2. Let y be -2 + (-2 - (3 + -4)). Let a be 0/(9/y) - -2. Determine h(a).
-4
Let n(d) = 2*d**2 - 13*d + 1. Let h(u) be the second derivative of -u**4/4 + 10*u**3/3 - u**2/2 + 11*u. Let s(m) = -5*h(m) - 8*n(m). Determine s(2).
1
Suppose -8*q = -40 + 72. Let x(w) = -w**3 - 5*w**2 + 4. What is x(q)?
-12
Let y be 35/(-25)*(-3 - 2). Let k(j) = -j**3 + 8*j**2 - 4*j - 10. Determine k(y).
11
Let s(b) = 3*b + 2. Let c(u) = -8*u - 16. Let a(z) = -c(z) - 4*s(z). What is a(5)?
-12
Let j(h) = -h**3 + 9*h**2 - 2*h + 16. Let s be 11 + -13 - (-8 + -3). Calculate j(s).
-2
Let j(u) = -u**2 + 10*u + 14. Let v be j(11). Let g(l) = -4*l - 4 + 0*l - l**2 + v + 3. Let m = 21 + -27. Calculate g(m).
-10
Let n be (-6)/(-10) - 1 - (-2)/5. Suppose -12 = -4*v - n. Let f(q) = q**3 - 2*q**2 - 2. Give f(v).
7
Let u be (-3)/(-6)*7*2. Let c = 11 - u. Let k(r) = -r + 4 + 0*r + c*r**2 - 5*r**2 + 0*r**2. Give k(0).
4
Let a(m) = 5*m**3 + 4*m**2 - 3*m - 2*m + 6*m - 6*m**3 - 4. Determine a(4).
0
Let b(d) = d**2 - 4*d - 4. Let u be b(6). Let g(q) = -3*q + 0*q - 3*q - u - q**2 - q. Determine g(-7).
-8
Let x(g) = -2*g - 58. Let b be x(-35). Let p(z) be the first derivative of -1/3*z**3 + 4*z**2 + b + 9*z. What is p(8)?
9
Let u(s) = -2723*s + 2 + 2707*s - 3 + 4. Calculate u(2).
-29
Let r(g) = 0 - 2 - 2376*g + 2373*g + g**2 - 2 + 0. Calculate r(-6).
50
Let a(o) = -2*o + 3. Suppose -5*m = 4*i - 70, 0*i + 74 = 3*m - 4*i. Let z be (-16)/12*m/(-4). Suppose -2*j + 2*r + z = 2*j, -9 = 4*j - 5*r. Calculate a(j).
-5
Let m(i) = -i**3 + 7*i**2 - 4. Let n be (0 - 4) + 2/(-1). Let y be (-173)/(-6) + (-1)/n. Let z = y + -22. Give m(z).
-4
Suppose 5*v - v + 18 = -d, v + 3 = -d. Let p(g) = -1 + 2*g + 0 - g. Determine p(v).
-6
Let i(p) = p**3 + 2*p + 1. Suppose -3*y = -5 - 10. Suppose 2*k + 3*k - g = 37, 4*k - y*g - 17 = 0. Suppose -2*n - d + 3*d = -k, -d = n. Give i(n).
13
Let v(x) = 81 + x + 79 - 159. Determine v(-3).
-2
Let k(i) = i**3 - i**2 - i + 1. Suppose 9*z = 5*z + 24. Let l(u) = 7*u**3 - 7*u**2 - 5*u + 6. Let f(y) = z*k(y) - l(y). Determine f(1).
-1
Let j(y) = y**2 - 12*y - 2. Let l(q) = q**2 - 13*q - 3. Let a(u) = -5*j(u) + 4*l(u). Let f(v) = -2*v**2 + 37*v + 364. Let o be f(-7). Determine a(o).
5
Let i(q) = -2 - 3*q + 2*q - q + 3*q. Let c(z) = -z**3 + 8*z**2 - 8*z + 1. Let t be c(7). Let m be t + 15 - (-6)/(-2). Give i(m).
4
Let r = -4 + 9. Suppose 2 = 2*y - 4*k, 0*k + 7 = y + k. Let h(p) = -r + p + 2*p**2 - 3*p**2 + y*p. What is h(5)?
0
Let c(r) be the second derivative of -7*r**3/6 + r**2/2 - 180*r. What is c(3)?
-20
Suppose 37*h - 27*h = 70. Let q(z) be the third derivative of -z**5/60 + 3*z**4/8 - 5*z**3/6 + z**2. What is q(h)?
9
Let w(b) = b**2 - 10*b + 10. Let d(o) = 3*o - 19. Let y be d(7). Let g be (-16)/(-1 + 5) - (y - 16). What is w(g)?
10
Suppose 19 = 2*z + c, -4*z = -c - 14 - 9. Let w(k) = -k - 11. Let a(t) = 4*t + 33. Let b(q) = z*w(q) + 2*a(q). Calculate b(8).
-3
Let p(t) = 13 + 10 - 23 + t**2 - 4*t. What is p(6)?
12
Let r(a) be the third derivative of -a**7/2520 - a**6/144 - a**5/60 - 13*a**4/24 - 13*a**2. Let h(f) be the second derivative of r(f). Give h(-3).
4
Let i(p) be the third derivative of p**8/10080 + p**7/720 + p**6/144 + 47*p**5/60 - 46*p**2. Let j(l) be the third derivative of i(l). Give j(-5).
20
Let f = -126 - -123. Suppose -2*n - d = 3*n - 8, 3*n + 5*d = -4. Let o(r) = -r - 4*r**2 - 3 - 4*r + n*r - r**3. What is o(f)?
-3
Let r(s) be the first derivative of -3*s**2/2 + s - 112. What is r(1)?
-2
Suppose -h + 17 = -0*s + s, -s + 5*h + 41 = 0. Let u = -18 + s. Let j(z) = -z - 2. Give j(u).
-5
Suppose 6 = -7*q + 20. Let v(r) = -4*r - 2 + r**2 + r**q - r**2. What is v(5)?
3
Let i(l) be the second derivative of -15*l + 1/2*l**4 - 7/2*l**2 - 5/6*l**3 - 1/20*l**5 + 0. Give i(5).
-7
Let b(h) = -1. Let v(y) = y**2 - 8*y + 14. Let d(m) = 4*b(m) + v(m). Let l be d(5). Let c(t) = -t. Calculate c(l).
5
Suppose -5*c - 55 = -5*u, 4*c - 44 = -5*u + 2. Let p(b) = -b**2 + 9*b - 6. Give p(u).
-16
Let u(l) = -l**3 + l. Let y(b) = -37*b**2 - b + 1. Let g be y(1). Let f be (-2)/6*30/(-40)*-148. Let k = f - g. Calculate u(k).
0
Let d be (42/(-9))/((-2)/3). Let y(s) = -2*s**3 + 11*s**2 - 19*s - 1. Let u(n) = 3*n**3 - 16*n**2 + 29*n + 2. Let o(t) = -5*u(t) - 8*y(t). Determine o(d).
-2
Let q(j) = -35 + 9 - 16*j + 25 + 2*j. Give q(1).
-15
Let d(s) = 2*s - 3. Let t be (-1)/(-1 + 40/38). Let j = t - -22. What is d(j)?
3
Suppose 6*c = c + 4*u - 10, 2*c + 4*u = 24. Let n(j) be the first derivative of 3*j + j**2 - 3*j + 1. Give n(c).
4
Let s(n) be the third derivative of n**5/60 + 7*n**4/24 + 5*n**3/6 + 6*n**2 - 25*n. What is s(-4)?
-7
Let l(p) = 4 + 4 - 89*p - 5 + 91*p. Let u(n) = -1. Let t(y) = l(y) + 2*u(y). Calculate t(-5).
-9
Let s(z) be the third derivative of -1/8*z**4 + 10*z**2 + 0*z**3 + 0 + 0*z. Let h be (-2)/(-8) - 11/(-4). What is s(h)?
-9
Suppose 5*o + 17 = -d, 4*d = -o - 3 + 11. Let p(m) = 50*m**2 - 50*m**2 + 1 - m**d. What is p(-1)?
2
Let a = -27 - -30. Suppose c + 3 = 5*k - a, 2*k = 2. Let m(w) = -9*w**3 - 2*w + 0*w + 1 + 3*w. Determine m(c).
9
Let y(s) = -s**3 + 17*s**2 - 16*s - 5. Let t be 1 + (-72)/(-5) - (-18)/30. Calculate y(t).
-5
Suppose 5*c = x - 1, 0 = -2*c - 0*x + 5*x - 5. Let l(q) = q**3 + 4*q - 2. Let v be l(c). Let u(w) = -2*w + 2. Give u(v).
6
Let u(q) = q**2 - q + 14. Suppose 8 = 4*y, -y + 6*y + 15 = -o. Let c = -22 - o. Let k be c/(-6) - (-3)/6. Calculate u(k).
14
Suppose -3*v + 21 = 18*v. Let w(c) = 2*c**3 + c**2 - c. Give w(v).
2
Let h = -26 - -28. Suppose 5*f = 4*g - 28, -2*g + 10 = -5*f - 14. Let k(t) = 1 - g*t + 0*t + 0. Calculate k(h).
-3
Let o(x) be the third derivative of 19*x**5/60 - 19*x**4/24 - 5*x**3/6 - 14*x**2. Let m(u) = -10*u**2 + 10*u + 3. Let w(q) = 11*m(q) + 6*o(q). Give w(2).
11
Let f(g) = -2*g**3 - 5*g**2 - 3*g + 4. Let c = 87 + -89. What is f(c)?
6
Suppose 0*p - 3*p - 7 = -2*o, 5*p + 3 = -o. Let h(m) = 5*m**2 - m**3 + 156 - o*m**2 - 158. Calculate h(-2).
18
Let y = -1 - -1. Let i(m) be the third derivative of m**4/24 + 5*m**3/6 + 5*m**2 + 240. Calculate i(y).
5
Let s(c) = 4*c**2 - 2*c - 4. Let g(m) = 3*m + 1 - 3*m - m. Let p(a) = -5*a**2 - a + 6. Let u(x) = 2*g(x) - p(x). Let r(l) = 4*s(l) - 3*u(l). Give r(6).
2
Let f(y) be the second derivative of y**4/12 + 11*y**3/6 - y**2/2 - 9*y. Let o(s) = s - 1. Let i(g) = f(g) - 6*o(g). Give i(-4).
1
Let f(c) be the third derivative of -c**6/360 + c**5/30 + c**4/6 + 7*c**3/3 - 38*c**2. Let r(u) be the first derivative of f(u). Calculate r(6).
-8
Let a(b) = b**2 - 6*b + 6. Let x be a(5). Let z be x*-2*2/(-4). Let f(t) = -10*t**3 - 353*t + 108*t + 110*t + 135*t - 1. Determine f(z).
-11
Let h(d) = -5*d**3 - 6*d**2 + 2. Let a(s) = 7*s**3 + 6*s**2 - s - 3. Let y(k) = -2*a(k) - 3*h(k). Give y(-5).
15
Suppose -18 + 3 = -3*c. Suppose 3*f - 4*k + 3 = 0, 0*f + 4*f = c*k - 4. Let n(i) = 11*i**2. Calculate n(f).
11
Let p(s) = -s**2 + 4*s - 1. Let x be p(3). Let r(w) = 4*w**x + 8*w - 5 - 6*w - 91*w**3 + 90*w**3. Calculate r(5).
-20
Let s(y) be the second derivative of 7*y**4/12 + 119*y. Let o(d) = 6*d + 4. Let t(q) = -7*q - 5. Let k(m) = -6*o(m) - 5*t(m). Let r be k(2). Give s(r).
7
Let p(t) be the third derivative of -t**5/120 - t**4/24 - 7*t**3/6 + 13*t**2. Let b(f) be the first derivative of p(f). Give b(6).
-7
Let g = -1 + 12. Let x(o) = 5*o**2 + 7*o - 1. Let n(v) = 14*v**2 + 20*v - 4. Let z(w) = g*x(w) - 4*n(w). Calculate z(-5).
-5
Let v(h) be the first derivative of -h**4/12 + h**3/6 - 2*h**2 - 14. Let o(f) be the second derivative 